0. Give r(-8).
9
Suppose -4*k + 20 = -2*p, -2*p - 2 = 2*k - 12. Let d = 9 + -8. Let b(l) = l + d + 0*l - 3 - 2*l. Determine b(p).
-2
Suppose -4*q + 19 = 3*m, -17 = -3*m - 2. Let a(i) = 13*i**3 - i. Calculate a(q).
12
Let y(f) = 7*f**2 - f + 7. Let k(r) = 11*r**2 - 2*r + 11. Let x(m) = 5*k(m) - 8*y(m). Let h = 1 - -1. What is x(h)?
-9
Let m(b) = -b**3 + 2*b**2 + 4*b - 3. Let t = -7 + 10. Let s be m(t). Let l(n) = -n + 2 + 2*n - 2*n. Calculate l(s).
2
Let c(r) = -r**2 - 10*r - 11. Let h be c(-9). Let v(a) = -2*a**2 - a - 1. Determine v(h).
-7
Suppose 2*u - 24 = 5*z, 4*u = -3*z - 4 - 0. Let h(s) = s**3 - 2*s**3 + 4*s - 3 - 2 - s**2 - 2*s**2. Calculate h(z).
-5
Let y = -6 + 1. Let p be 52/20 - 2/y. Let m(n) = n**2 + 4*n + 1 + 0 - 4*n**p - 2*n. What is m(-1)?
4
Let d(n) = 4 + n**2 - 2*n**3 - 2*n**3 - 4. What is d(1)?
-3
Let p(r) = r**3 - r**2 - 6*r - 8. Let w(u) = -u**3 + u**2 + 5*u + 7. Let d(k) = -5*p(k) - 6*w(k). Let t be d(2). Let f(z) = 3*z - 3. Calculate f(t).
3
Let u(g) be the third derivative of -g**6/120 + 7*g**5/60 - 7*g**4/24 + g**3 - 16*g**2. Calculate u(6).
0
Let y = -12 - -15. Suppose 2*v = -v - y. Let j(h) = 9*h**2 + 2*h + 1. Determine j(v).
8
Let w(l) = -5*l + 6. Let g be w(-6). Suppose -3*o + 0 = 2*f + 7, -4*f = -4*o - g. Let k(r) = 0*r**3 + 2*r**3 + f*r**3 - 4*r**3 - 2*r**2. Give k(2).
8
Let d be 4/10 + 73/5. Let m be ((-2)/(-6))/(1/d). Let k(h) = -4*h + m*h**2 + 1 - h**2 + 3*h + 4*h**2. What is k(1)?
8
Let s = -11 - -17. Let j(h) be the third derivative of -h**5/60 + h**4/4 - h**3/3 - 44*h**2. Determine j(s).
-2
Let w be (-4 - 1)/(3/(-6)). Suppose 4*j = r - 12, -3*r - w = -4*r + 3*j. Suppose -2*z + r*z - 4 = 0. Let s(o) = -6*o + 2. What is s(z)?
-10
Let p(m) = m**3 + 4*m**2 + m + 4. Let w be p(-4). Let h(x) = 4 + 3*x**2 - 5*x**2 + w + x**2. Let v = -1 - -4. Calculate h(v).
-5
Let o(y) = -y. Suppose 3*x - x = 30. Suppose -4*a = -f + 11, 3*f + 5*a = a - x. Give o(f).
1
Let b(z) = -4*z - 2. Let y = 90 + -92. Calculate b(y).
6
Let d = -8 - -11. Suppose n = d*n - 8. Suppose -q + 0*q + 3*w = 15, n*w = 5*q + 31. Let c(s) = -s**2 - 3*s + 1. Give c(q).
1
Let a(j) = -4*j**2 - 7*j + 1 + 9*j + 15*j**2. Calculate a(-1).
10
Let s(c) = 24*c**3 + c**2 + 3*c - 1. Let l(o) = 48*o**3 + 2*o**2 + 5*o - 2. Let p(y) = -3*l(y) + 5*s(y). Give p(-1).
24
Let x(u) = 0*u + 10*u + 0*u + u**2 - 2*u + 8. Determine x(-6).
-4
Let c = 12 + -2. Suppose 5*x = -3*h - c, 4*h = 2*h + 5*x + 35. Let j(t) = t**2 - 5*t + 7. Calculate j(h).
7
Let y(i) = i**2 - 5*i + 3. Let a = -6 + 9. Suppose 0 = 3*j - 3*l - 15, -2 - 1 = a*l. Calculate y(j).
-1
Let b(z) be the third derivative of z**4/24 - z**3/3 + 2*z**2. Suppose -3*l = -3 + 9. What is b(l)?
-4
Let u be (3 + 0)*(3 + -2). Let f(m) = m**3 - 2*m**2 - 2*m + 3. What is f(u)?
6
Let f(z) = -4*z**3 + 2*z + 1. Suppose 2*a + 10 = b - 2, 2*b - 3*a - 19 = 0. Suppose 2*s + 2 = -5*i, -2 = b*s - 5*i - 0. Give f(s).
3
Let b(s) = -6*s - 3. Suppose -9*l - 6 = -11*l. Calculate b(l).
-21
Let v(s) be the second derivative of 0*s**3 - 8*s + 0 + 1/20*s**5 + 3/2*s**2 + 1/2*s**4. What is v(-6)?
3
Suppose 0*v = -4*v. Let f(o) = 5 - o**2 + 0*o**3 - 3*o**3 + 2*o**3. Calculate f(v).
5
Let a = 11 + -7. Suppose 2 = a*y - 2. Let u(m) = -15*m**3 + 3*m**2 + 5*m + 5. Let i(g) = 7*g**3 - g**2 - 2*g - 2. Let q(h) = -5*i(h) - 2*u(h). Determine q(y).
-6
Let f = 8 - 3. Suppose -3*o - z = 0, -2*z = f*o - 3*z. Let a(u) = u**3 + u**2 - 9. What is a(o)?
-9
Let x(z) = -z**2 + 5*z + 3. Let c be 2*(4 + (-4)/8). Determine x(c).
-11
Let v(f) = f. Let g be v(-3). Let x(r) = 11*r + 15. Let k(y) = -5*y - 7. Let a(b) = -9*k(b) - 4*x(b). Calculate a(g).
0
Let j(u) = -3*u + 2. Let x be 3/4 - 285/76. What is j(x)?
11
Let f(r) be the second derivative of -r**5/20 - r**4/4 + 2*r**3/3 - r**2 - 3*r. Suppose -10 = -6*a + a. Let n be 30/(-9) - a/3. What is f(n)?
-2
Let p(n) be the first derivative of -3 - 5*n - 2*n**2 - 1/3*n**3. Calculate p(-4).
-5
Suppose -5*v - 2*d = 2*d + 5, 5*v - d = 20. Suppose -j - 3*r = 2 + 3, v*j - 5*r + 15 = 0. Let z(q) = -q - 5. Give z(j).
0
Let v be (-6)/2*(1 - 2). Let s(l) = l**2 - 4*l - 3. Let n be s(5). Let z(o) = -v*o**n + 2*o + 3*o**2 - 2*o**2 - o**3. Calculate z(-3).
3
Let j = 29 + -13. Suppose -3*y - 2 = -5*s + j, 0 = -5*s. Let c = y - -2. Let f(r) = -r**2 - 2*r - 1. Calculate f(c).
-9
Suppose -3 = p - 2*p - u, 0 = 5*p - u - 27. Let m be 6/10 - 8/p. Let h(a) be the second derivative of -a**4/6 + 2*a. What is h(m)?
-2
Suppose -10*j = -4*j - 12. Let i(b) = -9*b**3 + 3 + 13*b + b**j - 2 - 14*b. Determine i(1).
-8
Let q(k) = -6*k**3 + 8*k**2 - 2*k. Let h(f) = -5*f**3 + 7*f**2 - 2*f. Let d(u) = -7*h(u) + 6*q(u). What is d(2)?
-8
Let g be (14 - 8)*2/4. Suppose -5*r = -g*r - 6. Let h(l) = r*l + 5 + l**2 - 3 - 3 - l. Calculate h(-3).
2
Let r(z) = -2*z - 5. Suppose 4*d + 13 = -3. Let v be 2/d - (-7)/(-2). Determine r(v).
3
Let u = -3 - 1. Let h(q) be the third derivative of q**6/120 + q**5/20 - 5*q**4/24 - 27*q**2 - 4. Determine h(u).
4
Let r(m) be the third derivative of m**4/12 - m**3/2 + m**2. Suppose -6*g - 7*g = -26. What is r(g)?
1
Suppose -3 + 0 = -d. Let c(x) = -x - x**2 - 4 - x**3 - 3*x - d*x**2. Give c(-3).
-1
Let n(x) = -x + 1. Let c be (9/(-6) + -1)*2. Calculate n(c).
6
Let r = -21 - -17. Let p(h) = h**2 + h - 4. What is p(r)?
8
Let b(r) = r**2 + 3*r. Suppose -5*h - y = 7, y - 4 = 3*y. Let j(d) = -d - 1. Let c(w) = h*b(w) + 4*j(w). Determine c(-3).
8
Let a(v) = v. Suppose 0 = 5*g + 6 - 56. Let k = g - 7. Let s = k + -3. Determine a(s).
0
Let t(z) = z**3 - 4*z**2 + 2*z + 2. Suppose 5*s + 25 = 0, 3*i + 20 = 2*i - 5*s. Let r(a) = -a**3 + 4*a**2 + 5*a + 4. Let x be r(i). Determine t(x).
10
Let n(c) be the third derivative of c**6/120 + c**4/12 - c**3/2 + 17*c**2. What is n(2)?
9
Let q(j) = -j. Let p be q(-7). Let w(m) = -m**3 + 6*m**2 + 6*m - 3. What is w(p)?
-10
Let i(z) = -6*z**3 + z**2 + z - 1. Let p be i(-1). Let x = 10 - 6. Let l(t) = p*t + t**2 - 4*t - x*t + 1 + 0*t. Give l(2).
-1
Let v(y) = -5*y - y**2 - 3 - 2*y**2 - 1. Calculate v(-3).
-16
Suppose -3*c + c = -4. Suppose -c*w = w + 6. Let i(z) be the third derivative of -z**5/60 - z**4/24 + 4*z**2. What is i(w)?
-2
Let o be 1/((4/(-10))/(-2)). Suppose s = 5*b - b - 19, -s - 23 = -o*b. Let d(z) = z**3 - 4*z**2 - 3. Determine d(b).
-3
Let g = 2 - 2. Let s(x) = g*x + 2*x - x. Calculate s(4).
4
Let q(x) = -5*x + 6 - 7 - 3*x**2 + 3*x - 2. Give q(-2).
-11
Let l(p) be the second derivative of 0 - 4*p - 1/20*p**5 + 5/12*p**4 - 5/6*p**3 + 3*p**2. Determine l(4).
2
Let k(z) = -z**2 - 5*z + 3. Let h = -3 - 2. Let c be k(h). Let u(a) = -a - 2. Calculate u(c).
-5
Let z(p) be the third derivative of -1/12*p**4 + 0 - 1/20*p**5 + 0*p + p**2 - 1/6*p**3 + 1/120*p**6. Determine z(3).
-7
Let a(q) = q**3 + q. Let d(n) = -n**2 - 1. Let m(c) = c - 4. Let f be m(3). Let b(v) = f*a(v) - 4*d(v). Calculate b(4).
0
Suppose k + 2 = -k, 3*g + 18 = -3*k. Let o be (-3 - -3)/(-2 - g). Let w(m) = m**3 - m**2 + m - 3. Calculate w(o).
-3
Let r = 44 - 49. Let q(i) = i**2 + 4*i + 1. Calculate q(r).
6
Let b(q) = -8*q**2 + q + 1. Let c(z) = -2*z + 11. Let h(g) = 2*g - 6. Let u be h(6). Let f be c(u). Determine b(f).
-8
Let a(v) = -v**3 - 7*v**2 - 1. Let b be (-24)/4 - -3 - 4. What is a(b)?
-1
Let m(x) be the first derivative of -x**4/4 + x**2/2 + 7*x - 25. What is m(0)?
7
Let n be 1/(-10)*4 - 17/(-30). Let s(i) be the second derivative of 0 - n*i**3 - i - 1/2*i**2. Determine s(-2).
1
Let p(t) = t + 0*t - t + t**2 + t**3. Calculate p(-2).
-4
Let d(h) = -3*h**3 - 11*h**2 - 35. Let p(k) = 2*k**3 + 7*k**2 + 23. Let y(w) = -5*d(w) - 8*p(w). Suppose -6 = 3*b - 6*s + 3*s, -b - s = -2. Give y(b).
-9
Let h(l) = 5*l**3 - l. Let s(o) = 4*o**3 - o. Let a be 6/15 - (-96)/10. Let z be ((-10)/(-4))/((-5)/a). Let j(q) = z*h(q) + 6*s(q). Calculate j(-1).
2
Let s(x) = 5*x**2 + 8*x + 2 - 3 - x**3 + 2. Let g = -1 + 7. What is s(g)?
13
Let z(a) = -5*a**2 - 19*a + 6. Let y(l) = l**2 + 4 - 5*l**2 + l**2 - 1 - 10*l. Let j(q) = 7*y(q) - 4*z(q). Calculate j(5).
2
Suppose -6*h = -10*h - 4. Let q(b) = -7*b - 1. Calculate q(h).
6
Suppose 0*i + 4*x = 4*i + 12, x = -2*i + 9. Let a(s) = i*s + 3*s + 2*s**2 - 1 - s**3 + 2*s - 5*s. Let t(n) = -n**2 + n + 3. Let h be t(0). What is a(h)?
-4
Let h(z) = -z**3 + 3*z**2 + 2*z - 1. Let p(s) = s + 8. Let a be p(-5). Le